 - m. Let j be (-6)/((-8)/16 + 1/(-10)). Calculate the greatest common divisor of r and j.
10
Suppose -4 = 2*k - 4*l, 0 = -k - 2*k - 4*l + 44. Suppose 2 - 12 = -5*g. Let a be 6/g*1/3. Calculate the highest common divisor of a and k.
1
Suppose 0 = -i + 5*r + 28, 6*i - i - 60 = 5*r. Suppose -3*m = -5*m + i. Calculate the greatest common divisor of m and 4.
4
Let r = -3 + -3. Suppose 3*v - v = -240. Let n be v/16*r/5. Calculate the greatest common factor of 63 and n.
9
Let m be (-2)/(-13) + (1260/(-65))/(-4). What is the greatest common factor of m and 2?
1
Suppose 5*i - 4*i + 7 = 5*u, 5*i + 9 = -u. What is the highest common factor of 1 and u?
1
Let u = 26 - 17. Let q = -12 - -17. Let s be (6/q)/((-4)/(-60)). Calculate the greatest common factor of u and s.
9
Let c(h) = -h**3 - 6*h**2 + 4*h - 6. Let k be c(-7). Let j = -33 - -63. Calculate the highest common factor of k and j.
15
Let v = 159 + -111. Calculate the greatest common divisor of v and 12.
12
Let q(w) = -w**2 + 27*w + 7. Let y be q(13). What is the greatest common factor of y and 21?
21
Let t = 26 - 11. Let l = -70 + 193. Suppose -3*w - 4*x = -l, -4*w + 2*w + 87 = x. What is the highest common factor of t and w?
15
Suppose 4*g + g + 3*w - 50 = 0, g = -4*w + 27. Calculate the highest common divisor of 7 and g.
7
Let n be (-2)/(-4)*4 - -2. Suppose 6 = n*r + 2*g, r + 10*g + 21 = 5*g. Let d be 31 - -2*1/2. What is the greatest common factor of d and r?
4
Suppose -2*y - 145 = -b, -446 - 17 = -3*b - y. Calculate the highest common divisor of b and 17.
17
Suppose -2*x = 3*l - 32, 0*l - 3*x = 4*l - 43. What is the greatest common divisor of l and 70?
10
Let z = -44 - -102. What is the highest common factor of z and 290?
58
Let a(o) = o**2 + 4. Let c be a(0). Suppose -40 = -c*t + 28. What is the highest common factor of t and 68?
17
Let t be 279/18*(-1 - -3). Suppose -2*r + 6 = 0, r - 3*r + t = 5*d. Calculate the greatest common divisor of 5 and d.
5
Let l = -11 - -17. Let x be l*3/6 + 61. What is the highest common divisor of 8 and x?
8
Suppose -48 = -4*r - 0*r. Suppose -g + 3*g = 72. Suppose 5*u = 3*u + g. Calculate the greatest common factor of r and u.
6
Let y(b) = -b - 10. Let i be y(-19). What is the highest common factor of 3 and i?
3
Let u(g) = 2*g - 9. Let w be u(8). Let v(d) = d**2 + 5*d. Let m be v(w). What is the greatest common divisor of 12 and m?
12
Let b be 1 + (0 - (-5 + 4)). Let v be (-43)/(-2) + (-1)/(-2). What is the highest common divisor of b and v?
2
Suppose -3*k + 23 - 2 = 0. Let p be 330/(-35)*k*-1. Suppose 0 = 3*d - 0*d - p. Calculate the highest common factor of 66 and d.
22
Suppose 0 = 7*u - 6*u - 3. Let q be (-1 - 17)*(-12)/9. Calculate the highest common factor of q and u.
3
Let v(k) = 6*k. Let h be v(1). What is the highest common divisor of h and 66?
6
Suppose n - 25 = -k + 9, -3*k - 143 = -4*n. Calculate the greatest common factor of n and 105.
35
Suppose 2*r - 3*i - 149 = 0, -4*r + i - 48 + 351 = 0. Let c be (-1)/(2/r*-1). Calculate the highest common divisor of 95 and c.
19
Suppose -5*d + 6*i - 2*i = -255, -145 = -3*d + 4*i. Let s = 9 + -6. Suppose -3*g = -12 - s. Calculate the greatest common factor of g and d.
5
Suppose o - 3*o = -12. Let y = -7 - -10. Suppose -3*t + 83 = 4*m - 121, y*t - 252 = -5*m. What is the highest common factor of m and o?
6
Suppose r - d = 21, 3*d + 0*d - 57 = -2*r. Let p be (-2 - 1) + 1 + r. What is the highest common factor of 55 and p?
11
Let v(m) = -7*m - 1. Let j be v(-8). Calculate the highest common divisor of j and 22.
11
Let b = 86 - 59. What is the highest common divisor of b and 18?
9
Suppose 0 = -4*h + 348 + 12. Calculate the highest common factor of 36 and h.
18
Suppose 4*t - 2*p = 70, -5*t + 55 = 2*p + 2*p. Let l(u) = 3 + 0 + 4*u**2 - 3*u**2 + 6*u. Let b be l(-7). Calculate the highest common factor of b and t.
5
Let p be (-2014)/(-7) - (-8)/28. Suppose 5*c + 96 = q, 4*q - q + 2*c - p = 0. Calculate the greatest common factor of q and 12.
12
Suppose 3*h - 3*f = 57, -5*f - 18 + 153 = 5*h. Suppose v - 4*o = o + 47, o - h = -v. What is the greatest common divisor of 18 and v?
9
Suppose -3*h + 2*b + 14 = 0, h = -2*b + 16 + 2. What is the highest common divisor of h and 8?
8
Let a(v) = 3*v + 93. Let o be a(-24). Suppose 0*f - 2 = 2*f. Let x be 7/(2 + f - 0). Calculate the highest common divisor of x and o.
7
Let g = 79 - 49. Calculate the greatest common factor of 30 and g.
30
Suppose 0 = -5*c + 2*z + 62, -c + 4*z = -5*c + 44. Calculate the highest common divisor of c and 48.
12
Suppose 4*k + w = 18, -5*k + 27 = -2*w + w. Let u = k + 7. What is the greatest common divisor of u and 12?
12
Suppose 19 = o - 19. Suppose -5*v + 0*j = 5*j - 475, 0 = -4*v - 3*j + 380. What is the highest common divisor of v and o?
19
Suppose -5*h = -5*v - 25, v - 2 = -0*v. Let t be 2/(-7) - (-16)/h. Let q be t/2*(-56)/(-2). What is the highest common divisor of 42 and q?
14
Suppose -4*n = 2*p - p + 2, 4*p = -5*n - 8. Suppose 3*i + 11 = -5*o, 7 = -3*i - 4*o - n. What is the highest common divisor of i and 33?
3
Let n(i) = -2*i**2 - 44*i - 10. Let d be n(-21). Calculate the greatest common divisor of d and 80.
16
Suppose 49*t - 47*t = 330. Calculate the highest common divisor of 15 and t.
15
Suppose 5*p = -5*x + p + 13, -2*x = -5*p - 25. Let j = 7 + 48. What is the highest common factor of x and j?
5
Let t(c) = c**3 + 13*c**2 + c + 17. Let x be t(-13). Suppose q + 5*v + 3 = 0, -x*v + 4 = -4*q + 64. Calculate the highest common factor of 108 and q.
12
Let v be ((-8)/(32/(-12)))/(1/11). What is the highest common factor of 198 and v?
33
Let q = -9 - -12. Let d be (-42)/4*(-2)/q. Calculate the highest common divisor of 56 and d.
7
Suppose -72 = -4*u + 2*u. What is the greatest common factor of 9 and u?
9
Let p(l) = -l**3 + 5*l**2 + 4*l - 6. Let r be p(5). Let h be 29/1 + (0 - 1). Calculate the greatest common factor of h and r.
14
Let l be (90/(-24))/(1/(-8)). Calculate the highest common factor of 6 and l.
6
Suppose -d + 2*o = -45, 2*d - 21 = -2*o + 39. Let p(c) = 5*c**2 - 2*c - 2. Let v be p(2). What is the highest common factor of v and d?
7
Suppose 2*s = -0*s + 24. Suppose 2*g = 12 + s. Suppose 3 - g = -z. Calculate the highest common factor of 36 and z.
9
Let g = -11 + 6. Let i(s) be the second derivative of -7*s**3/6 + s**2/2 + 3*s. Let j be i(g). Calculate the highest common factor of 24 and j.
12
Let m be (-3)/((-3)/6*2). Suppose -m*u = -7*u + 300. Let g(x) = x**3 - 6*x**2 + 4*x + 6. Let v be g(6). What is the greatest common divisor of v and u?
15
Suppose 3*h + 5 = 41. What is the highest common divisor of h and 9?
3
Suppose 92 = -d + 712. Let a be d/6 - (-16)/24. What is the highest common divisor of 13 and a?
13
Suppose 4 = b + 3*b, -r + 8 = 5*b. Suppose 2*g - c = -94, 56 = g - 2*g + 5*c. Let i = -31 - g. What is the highest common factor of i and r?
3
Let w = 114 + -60. Let m(l) = l**2 - 7*l + 8. Let o be m(6). Suppose -5*p + 180 = -n, o*p + 2*n = 5*n + 72. What is the highest common factor of p and w?
18
Let y be (-2)/(-9) + 58/(-18). Let a be 1 + y - (5 + -8). Let p = 10 + -8. What is the greatest common factor of p and a?
1
Suppose -3*h - 2*b = -92 + 6, -4*h + 128 = -4*b. Suppose 11*o - 16 = 6. Suppose 4*a = o*a + h. What is the greatest common factor of a and 5?
5
Let k = 10 + -25. Let z be (-57 - -2)*6/k. Calculate the greatest common factor of z and 2.
2
Suppose -3*m + 2 = -16. Calculate the greatest common factor of m and 66.
6
Let y(t) = -t**3 - 15*t**2 + 23*t - 11. Let h be y(-17). Calculate the highest common factor of 16 and h.
16
Suppose 0*t - t + 4*w = -301, 3*w - 1109 = -4*t. Let v = 473 - t. What is the highest common factor of v and 24?
24
Suppose 0 = 2*v, 3*j + 2*v - 6 = v. Calculate the greatest common divisor of 18 and j.
2
Let k = -1 - -3. Let m be (k*4)/(1/2). Suppose -120 = -5*j + 2*j. What is the greatest common factor of j and m?
8
Let s = -20 + 35. Let j be (-2)/(5/(s/(-6))). Calculate the highest common divisor of j and 8.
1
Let f be 2/4*0 + 25. Suppose -5*c + 3*s + 5 = 95, -2*s = 5*c + 65. Let y be (-6)/c + 46/10. What is the greatest common factor of f and y?
5
Let p be (49/3)/(4/(-12)). Let j be (-3)/6 + p/(-2). Suppose -j = -l + 9. Calculate the highest common factor of 22 and l.
11
Suppose -18*f + 8 = -14*f